+ v. List the prime factors of q.
5
Suppose -130*d - 29439 = -114329. What are the prime factors of d?
653
Let p(s) = 2110*s + 8320. List the prime factors of p(5).
2, 3, 5, 17, 37
Suppose -3*f - 10*f - 3353 + 127984 = 0. What are the prime factors of f?
9587
Suppose 4*n = 2*u + 170, -3*n + 3*u - 132 = -6*n. Let f = n - 13. Suppose f*g - 35*g + 685 = 0. List the prime factors of g.
137
Suppose 5*p = -j + 5429, 0 = -5*j - 111*p + 115*p + 27174. What are the prime factors of j?
2, 11, 13, 19
Let u be 588/(-9)*2/((-4)/3). Suppose -2*o - 8 + 10 = 0. Let c = u - o. List the prime factors of c.
97
Suppose -4*p - 126 = -4*q + 2, 3*q + 3*p - 72 = 0. Let m be -5*(q/(-10) - -4). List the prime factors of 2/7 + m + 2755/35.
73
Suppose 0 = 5*r - 6*r - 1. Let u(l) = -35*l**2 - l - 2. Let w(j) = -j**2 - j - 1. Let n(d) = r*u(d) - 2*w(d). What are the prime factors of n(-2)?
2, 73
Let u be ((-6)/(-8))/((-4)/(-528)). Let b(g) = 5*g + 5. Let i be b(-1). Suppose 4*j - 193 - u = i. List the prime factors of j.
73
Let y be -10 - (4 + (-1 - 8)). What are the prime factors of (-961)/y - (-12)/(-60)?
2, 3
Suppose 3*d = -2*w + 46, -3*d + 93 = 4*w - 11. Let s = w + -24. Let t = 65 - s. List the prime factors of t.
2, 3, 5
List the prime factors of 1*(-127374)/(-30) - (0 - (-1)/(-5)).
2, 11, 193
Let s = -5321 - -14010. List the prime factors of s.
8689
Let l(j) be the second derivative of j**5/20 + 29*j**4/12 + 2*j**3/3 - 45*j**2/2 - 2*j + 24. What are the prime factors of l(-28)?
3, 11, 19
Let m(q) = 5*q + 75*q + 132 - 167. What are the prime factors of m(6)?
5, 89
What are the prime factors of (75 - 14)/((-1)/(-242 - (-4)/4))?
61, 241
Suppose 14 = 9*n + 608. Let g = 100 - 3. Let j = n + g. List the prime factors of j.
31
List the prime factors of 51420/9 - (-75)/45.
3, 5, 127
Suppose 272 - 88 = 3*t - 5*o, 0 = t + 5*o - 28. Suppose -t = -5*s - 33. Suppose 4*a = -3*r + 275, -5*r - 299 = -s*a - 0. List the prime factors of a.
71
Suppose -8*l = -16*l + 256. Suppose -3*c - 28*a = -l*a - 998, -a = -3*c + 983. What are the prime factors of c?
2, 163
Let w(f) = f**3 - 18*f**2 - 21*f + 29. Let k be w(22). Suppose -2*a - k = -5*n, -n - 4*a + a + 287 = 0. List the prime factors of n.
13, 23
Let v(y) = 2*y + 1011. Let q be v(0). Suppose -7*z + 6*z - 4014 = -4*d, q = d - 4*z. What are the prime factors of d?
17, 59
Suppose j - k + 47 = 0, -2*k + 11 = 1. Let q be (-64)/14 + j/98. Let i(s) = -2*s**3 + s**2 + 6*s - 1. List the prime factors of i(q).
2, 61
Let l = -73 - -82. Suppose 82 - 10 = l*z. Suppose z*t + 3*t = 352. What are the prime factors of t?
2
Let t = -47 - -779. Let c = t + 47. List the prime factors of c.
19, 41
Let n(q) = -q**3 + 24*q**2 + 73*q + 29. Let t be n(27). Suppose -4*o + r + 1279 = 0, -o + 44 = -5*r - 252. Let f = t + o. What are the prime factors of f?
2, 67
Let u(c) = -2*c**3 - 27*c**2 - 72*c + 16. Let y be u(-26). Suppose -6272 - y = -28*t. What are the prime factors of t?
5, 179
Suppose -h = -145*s + 141*s + 336, -h - 3*s - 378 = 0. Let v = 496 - -146. Let d = v + h. What are the prime factors of d?
2, 3, 47
Let a = 211 - 204. What are the prime factors of 3*((-1496)/(-12) - a)?
353
Let k be 3 - 1/(-1*(3 + -4)). Suppose d + d + k*w = 0, 5*d + 4*w = 4. List the prime factors of ((-10)/(-4))/((d/(-1))/(-88)).
5, 11
Let b(v) = -18*v + 1523. What are the prime factors of b(-56)?
2531
Suppose -322*q + 461*q - 988151 = 0. What are the prime factors of q?
7109
Suppose 0*q = -8*q. Let n be -1 - (-4 - q) - 0. List the prime factors of 1965/(-10)*(-4)/6 - n.
2
Suppose 12*x - 36280 = 10*x + 4*c, 0 = -4*x - 5*c + 72599. List the prime factors of x.
2, 43, 211
Suppose 3*r - 2*r = 5*t - 55, -4*t - 4*r = -20. What are the prime factors of -2 - 1004/(-12) - t/6?
2, 5
Let t(j) = -j**3 - 6*j**2 - 4*j + 8. Let o be t(-5). Let x = -22 + 26. Suppose 4*b + x*l = 296, 0 = 3*b - o*l - l - 222. List the prime factors of b.
2, 37
List the prime factors of 4324400/175 + (-7 - (-50)/7).
3, 8237
Let n(y) = 3*y**3 + 105*y**2 + 31*y + 25. List the prime factors of n(-12).
43, 223
Let n(d) = 2*d - 1. Let f be n(3). Suppose -r = -f*i - 12, -4*i = -2*i. What are the prime factors of r*2/(8/70)?
2, 3, 5, 7
Suppose -l - 2 = 5*n, 0 = 2*l - 0*n + n - 41. Suppose -v + k + l = -34, -4*v + 2*k + 220 = 0. What are the prime factors of v?
53
Let h(t) = 3*t - t + 123*t**2 + 25*t**2 - 3*t. Let x be h(1). Let f = x - 54. List the prime factors of f.
3, 31
Suppose 32*g = 61*g - 942500. What are the prime factors of g?
2, 5, 13
Let s be (3 - 3 - 0)/(-2). Suppose -35 = -7*l - s. Suppose 0 = -m - 3*x - 7 + 112, 0 = l*m + x - 455. What are the prime factors of m?
2, 3, 5
Suppose 2*b + 171 - 177 = 0. List the prime factors of b + (6 - -18 - 7).
2, 5
Let t = -2924 + 4931. Suppose -t = -4*i - 43*m + 40*m, -4 = -4*m. What are the prime factors of i?
3, 167
Suppose -38*x + 490728 + 93044 = -218522. What are the prime factors of x?
43, 491
Let k = -10 - -15. Suppose n - k = 11. What are the prime factors of -3 + (n/1)/1?
13
Suppose 4*i + 698750 - 270170 = 22*i. List the prime factors of i.
2, 5, 2381
Suppose 2*j = -35 + 29. What are the prime factors of (792/60)/(j/(-170))?
2, 11, 17
Let c(w) be the third derivative of w**4/8 + 537*w**3/2 - 4*w**2 + 17*w. What are the prime factors of c(0)?
3, 179
Let b be 36/8 - 2/4. Suppose 0 = -4*v + 4*s + 16, 5*v - 32 = -b*s - 3. Suppose v*k + 4*o - 299 = 0, -3*k - 5*o = -o - 181. List the prime factors of k.
59
Suppose 2575 - 607 = 2*b. Let d = b + -567. What are the prime factors of d?
3, 139
List the prime factors of ((-1316)/5)/((-541)/5410).
2, 7, 47
Let j = 2278 - 652. What are the prime factors of (0/1 + j)*(-2)/(-6)?
2, 271
Suppose 20*y + 4*y - 94845 = 21*y. List the prime factors of y.
5, 6323
Let m(d) = d**3 - 5*d**2 - 8*d + 14. Let r be m(8). Let g = r + -69. Let u = g - 2. What are the prime factors of u?
71
Suppose 0 = 30*t - 361786 + 5536. Suppose -t - 1985 = -30*c. List the prime factors of c.
2, 3, 7, 11
Let m = -5630 - -11835. List the prime factors of m.
5, 17, 73
Suppose 12*p - 95 = 11*p. Suppose -99*g + p*g + 20 = 0. Let y(k) = 40*k + 27. What are the prime factors of y(g)?
227
Let k(g) be the first derivative of -12*g**2 + 105*g + 5. List the prime factors of k(-31).
3, 283
Let q be (-49)/7 + -1 - (-3 + 0). Let d = q - -5. Suppose d = -5*a + 426 + 24. List the prime factors of a.
2, 3, 5
Let p(n) = -5 + 31*n + 2 + 11 - n**2 + 16. List the prime factors of p(14).
2, 131
Suppose 195*d - 1 = 194*d, 6*g - 161105 = -5*d. List the prime factors of g.
2, 3, 5, 179
Suppose 29*d = -54*d + 36*d + 505156. What are the prime factors of d?
2, 2687
Suppose -3*r - 2*l + 133105 = 0, 73*l + 4 = 75*l. List the prime factors of r.
3, 23, 643
Suppose -26*i = 22*i - 971424. What are the prime factors of i?
2, 3, 3373
Let o(w) = -134*w**3 - 6*w - 2. Let j be o(-3). Suppose -6*f + 74 + j = 0. List the prime factors of f.
2, 3, 103
Let v(x) = -296*x - 1739. List the prime factors of v(-40).
3, 7, 13, 37
Let y(d) = -2*d**3 - 30*d**2 - 22*d - 3. Let f be y(-12). Let k = f - -1200. List the prime factors of k.
3, 199
What are the prime factors of 14 + 66850 + (-39)/(-13) + -3?
2, 3, 7, 199
Let d be (-413)/42 + 10 + 506/(-12). What are the prime factors of (-25)/((d/(-78))/(-7))?
5, 13
Let r(d) = 49*d. Let k be r(-1). Let a be (-6 - 9/(-27))*((-45)/(-3) - 3). Let t = k - a. What are the prime factors of t?
19
Let c(u) = -6*u + 43. Let s(l) = -2. Let k(h) = c(h) + s(h). List the prime factors of k(-27).
7, 29
Let k(p) = -13*p**2 - 4*p + 5534. What are the prime factors of k(0)?
2, 2767
Let p = -51 - -133. Let l = 161 - p. List the prime factors of l.
79
Let w be 0*(-4 + 1 - -2). Suppose w = 53*k - 58*k + 520. What are the prime factors of k?
2, 13
Suppose -73*r - 81733 = -110*r. What are the prime factors of r?
47
Let y = -360 - -1013. Suppose 3204 + y = 7*d. What are the prime factors of d?
19, 29
Let j be ((-3537)/12)/((-24)/160). Suppose 573 = b - y - 72, 0 = 3*b + 3*y - j. What are the prime factors of b?
2, 5, 13
Let a(z) = -2*z**2 - 26*z - 20. Let u be a(-12). Suppose u*w + 3 = -m - 3, -1 = w. List the prime factors of (-2 + 3)/((m/237)/(-2)).
3, 79
Let h(z) = 2*z**3 + 24*z**2 + 46*z - 888. List the prime factors of h(29).
2, 3, 241
Suppose 95*b - 335448 = 41*b. What ar